ns digit of 79*50/4 - 22/(132/(-9))?
8
Suppose -5*c + 3289 = -4*n - 8*c, 2*c + 4106 = -5*n. Let r = 441 - n. What is the hundreds digit of r?
2
What is the hundreds digit of (4 - -4 - 11) + 5689?
6
Let g(r) = -404*r**3 + 1. Let j be g(-1). Suppose -16*n = -10*n - 1698. Let u = j - n. What is the units digit of u?
2
Let g = -104849 - -153336. What is the units digit of g?
7
Let x(j) = j**3 - 5*j**2 - 148*j - 25. Let k be x(17). Suppose 4*d - 4045 = k. What is the thousands digit of d?
1
Let j(d) = 115*d**2 + 73*d - 12. What is the units digit of j(7)?
4
Suppose 7*s - 16 = -2. Let x be (3 - 136/(-5)) + s/(-10). Suppose -t - m + x = -0*m, -t + 18 = 4*m. What is the tens digit of t?
3
Suppose h - 3 = 1. Suppose 0 = h*n + 6*n - 3100. What is the tens digit of n?
1
Let x = -43 + 40. Let p(k) = k**2 - 2*k - 9. Let n be p(x). What is the tens digit of ((-40)/n)/(10/(-285))?
9
Let t(z) = -29*z + 88. Suppose -39*o - 163 = 344. What is the tens digit of t(o)?
6
What is the thousands digit of -4830*(18 - 910/39)?
5
Suppose 0 = 90*f - 130889 - 431271 - 1699810. What is the hundreds digit of f?
1
Let u(t) = t**3 + 31*t**2 - 413*t - 27. What is the units digit of u(-30)?
3
Suppose 0 = -4*o + 28 - 16. Suppose 4*b = 2*h + 976, 2*b = -o*b - h + 1227. Suppose 6*g - g = b. What is the tens digit of g?
4
Let l = -150 - -155. Suppose -4*r + 524 = l*z, 8*r - 5*z = 4*r + 524. What is the hundreds digit of r?
1
Let d(v) be the second derivative of 61*v**5/20 - v**4/6 + 2*v**3/3 + v**2/2 - 66*v. What is the hundreds digit of d(2)?
4
What is the thousands digit of ((-20656)/(-24) + 10)/((-6)/(-171))?
4
Let m(a) = 7*a - 3. Let z be m(8). Let d be z/(-1 - ((-3 - -4) + -3)). Suppose v + d = 148. What is the units digit of v?
5
Let f(p) = 9*p**3 + 6*p**2 - 3*p + 29. Let g be f(5). Let n = 623 - g. What is the hundreds digit of ((-9)/(-27))/((-1)/n)?
2
Suppose -3*b - 219 = -2*t, 5*t - 290 = -4*b + 223. What is the hundreds digit of t?
1
Suppose -3*h + n - 1276 = 0, 8*n = 3*h + 4*n + 1270. Let m be (-1 + 1/3)/((-2)/h). Let r = 218 + m. What is the units digit of r?
6
Let r be (781 - -1)/(-4*1/(-224)). What is the units digit of r/207 - 8/(-18)?
2
Let p(s) = -22*s - 2. Let r be p(-6). Suppose -y - 5*o = 103 - 35, -2*o = 0. Let i = y + r. What is the tens digit of i?
6
Let x = -33 + 204. Suppose -4*n + 2*y + 1182 = 0, n = -5*y + 7*y + 303. Let b = n - x. What is the tens digit of b?
2
Suppose 0 = 3*o - 50 + 44. Suppose -3*y - 2799 = -o*l, 2*l - 2*y - 351 = 2447. What is the tens digit of l?
9
Let w(r) = 3*r + 13*r - 22 + 11*r**2 - 4*r + r**3. Let m be w(-10). Let l = 151 + m. What is the tens digit of l?
0
Suppose -14*t - 10 = -4*t. What is the units digit of 96 - (t/(-3) - 220/(-60))?
2
Let u = 2646 - 659. Suppose -7323 - u = -14*x. What is the tens digit of x?
6
Suppose 0 = 25*b + 33272 - 151222. What is the units digit of b?
8
Suppose 3*m - 5*b - 65 = 0, -3*m + 95 = 2*b - b. What is the hundreds digit of (1074/10)/(69/m - 2)?
3
Let d(v) = 12*v + 390. Let r be d(-35). Suppose -212 = -5*m + 4*a - 61, -35 = -m + 2*a. Let s = m - r. What is the tens digit of s?
5
What is the hundreds digit of (22 + (-207)/9)*-30835?
8
Suppose -24*t = -192066 + 834. What is the tens digit of t?
6
Let a(p) = 2 + 40*p**3 - p + 194*p**3 + 160*p**3 - 70*p**3. What is the hundreds digit of a(1)?
3
Let d(a) = 459*a**2 - 10*a + 47. What is the ten thousands digit of d(-5)?
1
Let p(y) = 187*y**2 + 5*y - 30. What is the units digit of p(-7)?
8
Suppose n - 5*t - 8557 = 0, n - 2*t - 3768 - 4807 = 0. What is the hundreds digit of n?
5
Suppose 5*v - 51971 - 83029 = 4*c, -10 = 2*c. What is the ten thousands digit of v?
2
Let j(f) = f**3 + 5*f**2 + 7*f + 5. Let i be j(-2). Suppose 259 = -i*d + 628. Suppose -2*c + d = -199. What is the units digit of c?
1
Let j be 1 + -1 + (39 - 2706). What is the units digit of ((-4)/14 - j/(-441))*-6?
8
Let s(b) = -2*b**3 - 413*b**2 + 287*b + 2417. What is the units digit of s(-208)?
3
Let z(r) = r**2 - 5*r - 10. Let m(c) = -5*c + 58. Let a be m(13). What is the units digit of z(a)?
4
Let x = 586 - 1070. Let c = x - -822. What is the tens digit of c?
3
Suppose -v - 5*u - 262 = -u, -v + 3*u = 262. Let n = 143 + -267. Let l = n - v. What is the tens digit of l?
3
Let j = 47307 - 15436. What is the hundreds digit of j?
8
Let v be 9/6*(-32)/(-6). Let m(p) = 21*p + 11. Let f be m(v). Let w = 278 - f. What is the tens digit of w?
9
Suppose -28*j + 6129 - 1761 = 0. Suppose -j*w + 152*w + 1192 = 0. What is the hundreds digit of w?
2
Let b = -173 - 39. What is the units digit of (26/4)/(-3 - 638/b)?
9
Let g(c) = c**3 + 47*c**2 - 45*c + 355. What is the hundreds digit of g(-47)?
4
Let a(z) = -608*z**3 + 3*z**2 - 244*z - 935. What is the hundreds digit of a(-4)?
0
Suppose 83 - 23 = 6*x. Let g(c) = 17*c + 20 - x*c + 9 + 5. What is the hundreds digit of g(23)?
1
Suppose 0 = -d - 6*d + 119. Let z be 732/16 + (-2)/(-8). Let t = z + d. What is the tens digit of t?
6
What is the units digit of (-390)/(-1755) - 405196/(-9)?
2
Suppose -20 = -7*h + 11*h, 2*h = -2*l + 1086. Let m = l + -530. What is the tens digit of m?
1
What is the units digit of -19*(-2585)/(-5)*-1?
3
Let r = 3081 - 649. What is the hundreds digit of r?
4
Let g(r) = 880*r - 10. Let b be g(1). Let o = 1270 - b. Suppose -3*n - o = -5*a, -n - 236 = -5*a + 2*a. What is the units digit of a?
7
Let j(n) = -n**3 - 2*n + 1. Let z be j(0). Let a be (1*-4)/(2/5)*z. Let y(k) = k**2 - 6*k - 24. What is the hundreds digit of y(a)?
1
Let j = -13 + 16. Suppose -2*t + j = 5. What is the units digit of t - 1*(-52 + 0)?
1
Let r = 258 - 148. Let h = 11 + r. What is the tens digit of h?
2
Let v = -113 + 115. Let h be (8/1)/(v/31). Suppose 9*i - 1627 = -h. What is the tens digit of i?
6
Let t be 22/44 - 2*(-9)/(-4). What is the units digit of 4558/18 + t - 2/9?
9
Suppose 0 = 2*t - 4*p + 8, -2*t + p = t + 2. Suppose t = 4*d - 2*y - 4272, 4*y + 41 - 49 = 0. What is the tens digit of d?
6
Suppose 858248 = 230*i - 159*i. What is the tens digit of i?
8
Let y = 12653 - 7438. What is the units digit of y?
5
Suppose 0 = -5*j + 15. Let u be (j - 7)*1 + -12. Let k = u - -62. What is the tens digit of k?
4
Let o = -68619 - -108783. What is the ten thousands digit of o?
4
Let f(j) = 8*j + 72. Let s be f(-9). Suppose 0*t + 5*t - 3*v = 4405, -t + 4*v + 881 = s. What is the hundreds digit of t?
8
Suppose 176*c + 606528 = 284*c. What is the tens digit of c?
1
Let q = -388 - -392. Suppose 6*x = 3*x + 6. What is the units digit of 1 - x/q - (-84)/8?
1
Let r = 76137 + -40271. Suppose 0 = 23*s - r + 10037. What is the units digit of s?
3
Let m(i) = -i**3 + 40*i**2 + 5*i + 70. What is the thousands digit of m(17)?
6
Let h(c) = -91*c**3 - 7*c**2 - 47*c - 142. What is the units digit of h(-6)?
4
Let d(u) = -2*u**2 - u + 152. Let s(q) = q**3 - 8*q**2. Let t be s(8). Let y be d(t). Suppose 5*z - y = 458. What is the units digit of z?
2
Let d(f) be the third derivative of -7*f**6/30 - f**5/30 + 7*f**4/24 - 13*f**3/6 + 5*f**2. Let z be d(2). Let c = 396 + z. What is the tens digit of c?
6
Let v = -284 - -562. Let c be (-1863)/15 - 26/(-130). Let d = v + c. What is the hundreds digit of d?
1
Let r(x) = -2*x**2 - 5*x - 7. Let k be r(-2). Let c(t) = 22*t - 26. Let n be c(k). Let y = -42 - n. What is the tens digit of y?
9
Let d = 150 + 43. Suppose w + 13 = 107. Let t = d - w. What is the units digit of t?
9
Let a(f) = f**2 - f + 4. Let x be a(0). Let r(n) = n - 3. Let m be r(2). What is the units digit of 88 - (m + 4/x)/(-2)?
8
Suppose -4753 - 539 = -3*q. Suppose 4*h - 4*k - q = 0, 4*h - 6*h = 4*k - 852. Suppose 11*f - h = 7*f. What is the units digit of f?
9
Suppose -5820 = 13*y + 2*y. Let g = 1288 + y. What is the hundreds digit of g?
9
Let p(a) = -75*a - 32. Let d be p(6). Let s = -295 - d. What is the hundreds digit of s?
1
Let b(h) = 2*h**2 + 35*h + 40. Let y be b(-19). Let d = y - 97. Suppose -2*n - 2*n = 5*r - 898, d = -2*r + 5*n + 346. What is the tens digit of r?
7
Let x(u) be the second derivative of 0 - 2*u**3 - 27/2*u**2 - u. What is the units digit of x(-14)?
1
What is the tens digit of 6*1*361407/477?
4
Let k(q) = 26*q**2 + q - 2. Suppose 89 + 181 = 3*i. Let f be 250/i - 4/(-18). What is the units digit of k(f)?
5
Let m(n) = n + 1. Let p(y) = -y**3 + 5*y**2 +